, what is ac + -292c5?
-29216
In base 16, what is 1 + -b2afb16?
-b2afb15
In base 14, what is 22d02c2b + -2?
22d02c29
In base 15, what is 30179 - -170?
302e9
In base 8, what is 2 - -15105531?
15105533
In base 8, what is 75141 - -610?
75751
In base 14, what is -1747a4 - 1?
-1747a5
In base 4, what is 10222100101 + 211?
10222100312
In base 9, what is -56882161 + -3?
-56882164
In base 14, what is -17d41b20 - -4?
-17d41b1a
In base 3, what is 120200201 + 120001101?
1010202002
In base 10, what is 3111868 - 2?
3111866
In base 9, what is -873 + -1281?
-2264
In base 2, what is 100 - 1100111111000000010111000100?
-1100111111000000010111000000
In base 2, what is 101000001111100 - -11010101?
101000101010001
In base 11, what is -18 - 3421841?
-3421859
In base 11, what is -5 + -20014038?
-20014042
In base 6, what is -34012 + 431?
-33141
In base 6, what is 113323115 - -112?
113323231
In base 7, what is 2212 - 33006?
-30464
In base 2, what is -10100000010101 - 10101111100?
-10110110010001
In base 12, what is a42431 + 18?
a42449
In base 2, what is 10 + 1001011010111010010010?
1001011010111010010100
In base 14, what is -5 + 1b9a7d?
1b9a78
In base 11, what is -5aa - 23230?
-2382a
In base 11, what is 68a - -13853?
14432
In base 13, what is -28 - -3a171a?
3a16c2
In base 5, what is -1 + -30222022433?
-30222022434
In base 7, what is 32 + -524523?
-524461
In base 9, what is 8153477 - 7?
8153470
In base 9, what is -13616208 + -35?
-13616244
In base 2, what is 11010010000100001110100 - 11?
11010010000100001110001
In base 9, what is 73134678 + -2?
73134676
In base 14, what is -5 - 54d65d?
-54d664
In base 8, what is -2 + -174645640?
-174645642
In base 2, what is -1001011 - -10101101100010010000?
10101101100001000101
In base 6, what is 23344245 - -1034?
23345323
In base 9, what is 88540372 + -5?
88540366
In base 5, what is -44112441401 - 3?
-44112441404
In base 16, what is -4e7c + -14de?
-635a
In base 7, what is 11536430 - 1635?
11534462
In base 8, what is -21210 - 12?
-21222
In base 12, what is 1369308 + 1?
1369309
In base 3, what is -21201 - 1122111121?
-1122210022
In base 14, what is -29 + -76260?
-76289
In base 15, what is -135 + d113?
cecd
In base 13, what is -bc9740 + 0?
-bc9740
In base 13, what is -612 - 9499?
-9aab
In base 14, what is 4 - -304a0c6?
304a0ca
In base 16, what is 668ba7 + -1?
668ba6
In base 6, what is 20013 + -33551?
-13534
In base 8, what is -535620 - 141?
-535761
In base 6, what is 1015542243 + 12?
1015542255
In base 10, what is 17379 + -116?
17263
In base 9, what is -1240 - -4874?
3634
In base 5, what is 2 - -3233240310?
3233240312
In base 2, what is -10001000 + 11111110111010110011?
11111110111000101011
In base 10, what is -2 - -1294307?
1294305
In base 4, what is 11 + -300022102201?
-300022102130
In base 5, what is 3421204 + -2301?
3413403
In base 13, what is 4 + -210524?
-210520
In base 11, what is -8 + 1188803?
11887a6
In base 11, what is 129 + -a2637?
-a2509
In base 11, what is -827 - -13593?
12867
In base 9, what is -32463 + 555?
-31807
In base 2, what is 10010 - -1001010000001001101?
1001010000001011111
In base 11, what is -228544266 - 2?
-228544268
In base 4, what is 2111 + -210303?
-202132
In base 12, what is -48372 + -3754?
-4bb06
In base 16, what is e3 - 2216a?
-22087
In base 3, what is -1002100211121221 - 100?
-1002100211122021
In base 10, what is 3453935 + -12?
3453923
In base 8, what is -765 - -2044446?
2043461
In base 12, what is -7493505 - 3?
-7493508
In base 14, what is -6464 + 58b?
-5cb7
In base 2, what is -10 - 11101101101110110100100?
-11101101101110110100110
In base 6, what is -242410325 + 353?
-242405532
In base 6, what is -3135504030 + -1?
-3135504031
In base 6, what is 2410545 - -115?
2411104
In base 8, what is -6636 - 3066?
-11724
In base 15, what is -23859 - 45b?
-23cb5
In base 6, what is -30230535444 - -11?
-30230535433
In base 14, what is -3db3c - -15?
-3db27
In base 3, what is 12021022212 + -10211?
12021012001
In base 3, what is 210 - -10202210121121?
10202210122101
In base 3, what is 2121021022021022 + -12?
2121021022021010
In base 6, what is -13 + 41455055?
41455042
In base 11, what is -137 + 1935992?
1935856
In base 11, what is -509537a8 + 0?
-509537a8
In base 11, what is 470a82 - -124?
4710a6
In base 12, what is 135 - 12937?
-12802
In base 10, what is -769 - 33552?
-34321
In base 4, what is -110133311 - -2201221?
-101332030
In base 8, what is 1 + -251577223?
-251577222
In base 14, what is 3 - -27088c?
270891
In base 12, what is 7 + 1b101b?
1b1026
In base 13, what is -1218906 + 4?
-1218902
In base 3, what is -1110102102 + 11200?
-1110020202
In base 4, what is 2 - -12300122311?
12300122313
In base 10, what is 11187528 + -5?
11187523
In base 15, what is -1 + 7b9bce?
7b9bcd
In base 10, what is 693535 + 6?
693541
In base 7, what is -2 - -1130243561?
1130243556
In base 14, what is -30 + 11048?
11018
In base 12, what is -3970595 - -45?
-3970550
In base 9, what is -3 - -873801733?
873801730
In base 14, what is -2 - 1b94108?
-1b9410a
In base 6, what is 155 + 11223414?
11224013
In base 9, what is 812 + 18255?
20167
In base 7, what is 310365 - -1241?
311636
In base 7, what is -161422356422 - 5?
-161422356430
In base 16, what is 1cf2a78 - 2?
1cf2a76
In base 2, what is -1011010101011 - -1010110010001011?
1001010111100000
In base 10, what is -110100 + -3720?
-113820
In base 14, what is -696d2 + 7?
-696c9
In base 14, what is -20 + -465bd6?
-465c16
In base 13, what is 38a7a + -160?
3891a
In base 2, what is 10101 + 1100010010000100110?
1100010010000111011
In base 11, what is 26819816 + 2?
26819818
In base 8, what is 402 - -54535?
55137
In base 15, what is -16 + -2bc43?
-2bc59
In base 14, what is a9d - -5999?
6658
In base 4, what is -1210232312 + 31011?
-1210201301
In base 9, what is 16754 + 3104?
20858
In base 9, what is -20700868 - 3?
-20700872
In base 15, what is 1a - -1d00b66?
1d00b81
In base 4, what is 11230203331032 + 10?
11230203331102
In base 6, what is 1 + -14453032225?
-14453032224
In base 6, what is -2425433 + 3110?
-2422323
In base 5, what is -312140311442 - -11?
-312140311431
In base 2, what is 111101101101110000 + 10111011?
111101110000101011
In base 4, what is -110101 + -1011031002?
-1011201103
In base 3, what is -100021122122 - -10001?
-100021112121
In base 2, what is -10011110111 - -11100111001?
1001000010
In base 12, what is -7438 - -9b?
-7359
In base 13, what is -115 - 5c40?
-6055
In base 7, what is -2 + 645341121?
645341116
In base 14, what is 24 - -18ca9?
18ccd
In base 10, what is 3525 - 6819?
-3294
In base 16, what is -5c9d - -17?
-5c86
In base 15, what is 99d3982 + -1?
99d3981
In base 6, what is 111425415401 + 3?
111425415404
In base 16, what is -19 + -64fbe?
-64fd7
In base 7, what is 126 - 3364410?
-3364251
In base 9, what is -1 - -114250435?
114250434
In base 7, what is 21034 - -2550?
23614
In base 12, what is 59b9 + -2262?
3757
In base 15, what is -2dd4 + -427?
-330b
In base 13, what is -7 + -1597439?
-1597443
In base 13, what is 0 + -250c349?
-250c349
In base 15, what is -2b27e + 7?
-2b277
In base 9, what is 2852 + 280642?
283604
In base 11, what is 2 - -19783947?
19783949
In base 9, what is 3033 - 74742?
-71708
In base 6, what is -145331134513 + 1?
-145331134512
In base 6, what is 413500034 - 3?
413500031
In base 10, what is -116 - 27916?
-28032
In base 13, what is -bba + 27b6?
18c9
In base 3, what is 10222211201121 + 222?
10222211202120
In base 11, what is -10 + 102317?
102307
In base 3, what is -1 + 222010011122100?
222010011122022
In base 2, what is -101 - -1101110111110100101101000011?
1101110111110100101100111110
In base 8, what is 113 + -460241?
-460126
In base 11, what is -4 - -8a01a8?
8a01a4
In base 11, what is -5 - 135681a?
-1356824
In base 16, what is -b138 - 66b?
-b7a3
In base 16, what is abf + -1705?
-c46
In base 14, what is -84 + 34189?
34105
In base 10, what is -44394289 + 4?
-44394285
In base 10, what is -633720 + -59?
-633779
In base 11, what is -2254340a3 - -1?
-2254340a2
In base 5, what is 1433 - 10332434?
-10331001
In base 16, what is -6a9da0a - -1?
-6a9da09
In base 15, what is 163e238 + 2?
163e23a
In base 16, what is 17f9c - 297?
17d05
In base 14, what is 348c954d - -1?
348c9550
In base 14, what is -1407c19 + 4?
-1407c15
In base 10, what is -22 + -1135363?
-1135385
In base 3, what is